 - -32. Let y(o) = 9*o - 8. Does 7 divide y(f)?
True
Let m(v) = -v**3 - 18*v**2 - 9*v - 142. Is m(-19) a multiple of 14?
False
Let h = -183 + 295. Does 7 divide h?
True
Suppose -5*l - 683 = -2293. Suppose n - 935 = -4*s, s + 3*n = l - 102. Is s a multiple of 47?
True
Let n(m) be the first derivative of 2*m**2 - 12*m - 6. Let b be n(-7). Let k = 16 - b. Does 10 divide k?
False
Let h = -2296 - -3304. Does 14 divide h?
True
Suppose -4*f + 2*o + 56 = 0, -o = -f + o + 8. Suppose -f = -3*u - u. Suppose -b + u*v + 9 = -0*v, -3*v = -4*b + 49. Does 3 divide b?
False
Suppose -2*u + 54 = -5*q - 93, -5*u = -5. Let w = -159 + 96. Let x = q - w. Is x a multiple of 13?
False
Let p(c) = 34*c**3 - c**2 - 2*c + 3. Let v be p(1). Let k = v + -22. Is 4 a factor of k?
True
Suppose -168 = 5*s + 82. Let l be ((-72)/15)/((-15)/s). Let i = l + 30. Is 7 a factor of i?
True
Let k be (-10)/(-5)*(-7)/2. Let m(t) be the third derivative of t**5/60 + t**4/24 - 7*t**2. Is 21 a factor of m(k)?
True
Suppose 6*a - 18 = 2*a - 3*j, 3*a - 19 = -5*j. Suppose -6 = a*b + 3*z, -3*b - b - 3 = 3*z. Is b a multiple of 2?
False
Let f = 1410 - 666. Does 31 divide (f/10)/3*(-65)/(-26)?
True
Let f(q) = q**2 - q - 9. Let t(n) = -n + 15. Let x be t(11). Let z be f(x). Let o(j) = 18*j + 1. Is o(z) a multiple of 8?
False
Let l(v) = -1 - 2*v - 2*v + 6*v + 83*v**2. Suppose 2*d + 5 = 7. Is 28 a factor of l(d)?
True
Let t(s) = 2*s - 4. Let g be t(3). Let p be -2 - (4 + (-16)/g). Suppose -v + 54 = 2*b - b, 0 = 5*b - p*v - 270. Is 29 a factor of b?
False
Let f = -1256 + 1776. Does 10 divide f?
True
Let n(k) = k**3 + 7*k**2 + 5*k + 3. Let q be ((-2)/(-4))/(1/4). Suppose 0 = q*w + 3 + 3. Is n(w) a multiple of 12?
True
Let d(f) = f**2 + 8*f + 7. Let o be d(-5). Let c(v) = v**3 + 8*v**2 + 7. Is 2 a factor of c(o)?
False
Suppose 8*d + 294 = 10*d. Does 8 divide d?
False
Let f = -56 + 277. Is f a multiple of 27?
False
Suppose 0*r - 1 = -r, -3*m - 2*r + 101 = 0. Let b = m - 29. Suppose 148 = 4*s + 5*i, 3*s + s + b*i = 152. Is 12 a factor of s?
False
Suppose -v - c = -43, -15*v - 2*c = -11*v - 182. Is 12 a factor of v?
True
Let t(v) = 20 + 1 + 7*v + 0*v. Does 7 divide t(4)?
True
Let t be 8240/55 - 2/(-11). Suppose -2*m = -m - t. Is m a multiple of 25?
True
Let f = 16 + -16. Suppose f = 3*b + 5 - 38. Is b a multiple of 2?
False
Suppose -4*i + 22 = x + x, 0 = -4*i - 5*x + 37. Suppose b = -4*b + 4*s + 8, i*s = 2*b - 6. Suppose b*m - q - 284 = -5*m, 0 = m - 4*q - 53. Is 19 a factor of m?
True
Let m be 3*-2*4/(-12). Suppose 0*t = m*t + 82. Let s = 77 + t. Is s a multiple of 9?
True
Suppose 0 = 143*p - 153*p + 5530. Is 79 a factor of p?
True
Let i(v) = v**3 + 19*v**2 - 27*v + 9. Is i(-19) a multiple of 87?
True
Suppose 3*m + 3*n = -n + 405, 512 = 4*m - 4*n. Let k = m - 80. Is k a multiple of 7?
False
Suppose 14*u + 45 = 17*u. Let y(w) = 6*w - 59. Is 2 a factor of y(u)?
False
Suppose -3*g + 20 - 53 = 0. Let h(f) = -f - 1. Does 3 divide h(g)?
False
Let s(f) = f**3 + 18*f**2 + 18*f + 23. Let z be s(-17). Suppose z*y - y - 310 = 0. Does 21 divide y?
False
Let y = -99 + 101. Suppose -3*v = 5*c - 485, y*c + 4*v - 180 = -0*c. Is 25 a factor of c?
True
Suppose -3872 = -4*i - 2*t + 4*t, 4*t = -5*i + 4827. Does 22 divide i?
False
Let w(q) = -q**3 + q**2 + 79. Let s be (-1 - -1)/(-10 - -11). Does 20 divide w(s)?
False
Suppose 5*k + 2*s + 187 = 0, -k - 109 = 2*k + 2*s. Is k/(-2) - (-5)/2 a multiple of 11?
True
Let m(y) = 7*y - 3. Let z be (1 - 4) + (-9 - -14). Let w = z - -2. Does 7 divide m(w)?
False
Let v = -25 + 37. Suppose 0 = -2*s - 0 + v. Is (0 - -2)/(2/s) a multiple of 2?
True
Suppose 6*j - 3*j = 0. Suppose -25 = -5*i - j*i. Suppose i*a + 96 = 8*a. Does 7 divide a?
False
Suppose -3*h + h + u - 126 = 0, -4*h = -5*u + 246. Suppose -2*o + 2*b + 2*b - 52 = 0, o + 10 = -2*b. Let d = o - h. Is 23 a factor of d?
True
Let h = -9 - -9. Let q = h + 5. Suppose 3*w = q*w - 78. Is 13 a factor of w?
True
Suppose 0 = 21*n - 23*n. Suppose -3*g = -4*x - 0*g + 729, n = 4*x + 3*g - 711. Does 18 divide x?
True
Suppose 2*f - 2 = -l, 2*l - 4*f - 10 = -2*f. Suppose -2*u = -5*s + 20, -3*s = -2*s - l. Suppose 2*t + 6 = u, 0*n + 2*n - 2*t = 58. Does 13 divide n?
True
Suppose 3*z + 2007 + 478 = 2*j, 2*z = j - 1243. Is j a multiple of 100?
False
Suppose 7*b - 2073 - 2085 = 0. Is b a multiple of 22?
True
Let y be (-8)/2 + 0 - 1152/6. Is -1*(-4)/(-14) - 2016/y a multiple of 2?
True
Let a(k) = -k**3 + 12*k**2 - 22*k + 10. Let g be a(10). Let s(x) be the second derivative of x**4/6 + 3*x**3/2 - x**2 - x. Is 36 a factor of s(g)?
True
Let w = -35 - -38. Suppose -5*a + 0*j - w*j + 597 = 0, 2*j + 2 = 0. Is a a multiple of 12?
True
Let l = -196 - -239. Is l a multiple of 26?
False
Let r = 1353 - 1068. Does 57 divide r?
True
Suppose -4*i + 19*z = 23*z - 772, 5*z - 401 = -2*i. Is i a multiple of 41?
False
Suppose -3*g - 4710 = 5*j, j - 3124 = 2*g - j. Does 13 divide (-1)/6 + g/(-30)?
True
Suppose m - 109 = 5*y + 106, -2*y - m - 93 = 0. Let p = y + 77. Is 4 a factor of p?
False
Suppose -2*y + 4*b + 19 = -b, 0 = -2*y + b - 1. Does 21 divide (-129)/y + 1/(-1) + 0?
True
Let n be 6264/21 + 6/(-21). Let o(f) = f**2 - 6*f + 4. Let j be o(6). Suppose 0*p = -4*z - 2*p + 228, -5*z + n = -j*p. Is 10 a factor of z?
False
Suppose 3 = -4*w - o, -3 = -2*o - 1. Let v = w + 136. Is v a multiple of 27?
True
Suppose -o - 4*o = 3*y + 23, y + 5*o = -21. Suppose -3*u + 4*f = -4, -4*f - 15 = u + 5. Is 7 a factor of y/u - 162/(-24)?
True
Let h(s) = 144*s**2 + 83*s + 558. Does 12 divide h(-6)?
True
Suppose 5*f = 5*a + 5570, 2*a + 127 = f - 986. Does 18 divide f?
False
Suppose -1834 + 469 = -m. Does 35 divide m?
True
Suppose 2*l - l + 3*o = 6, 0 = l + 2*o - 4. Is -94*(l + -1) + 4 a multiple of 30?
False
Suppose 50 = 2*v + 3*c - 8*c, 0 = 3*v - 5*c - 80. Is 6 a factor of v?
True
Suppose 4*l - 4*k = 13032, -5*l - 2*k - 2*k = -16326. Suppose -18*r + l = 112. Is r a multiple of 35?
True
Is -35*(-58)/(-8)*-4 a multiple of 5?
True
Let j(v) = -238*v + 2. Let k be j(-1). Suppose 0 = 5*x - 40 - k. Is 28 a factor of x?
True
Does 33 divide 2413/4 - (-22)/(-88)?
False
Suppose -3*j = -5*b - 6, 4*j - 8 + 0 = 0. Suppose -p = -3 - b. Suppose 6 + p = m. Does 3 divide m?
True
Suppose 0 = -4*p + 38 + 42. Suppose 5*i = 2*n - 40 - 25, 4*i + p = 0. Is 10 a factor of n?
True
Suppose -3*o + 3*b = 5*b - 335, 5*b = 2*o - 236. Let z = 165 - o. Is 26 a factor of z?
True
Let d = 1375 - -52. Is d a multiple of 52?
False
Let r be (-624)/128 - ((-1)/(-8) + 0). Let i(y) = y**3 + 14*y**2 + 13*y + 8. Is 17 a factor of i(r)?
False
Suppose -15 = -3*q - 27. Is q/16 + 42*(-9)/(-8) a multiple of 6?
False
Let h(b) = -b**2 + 3*b + 5. Let v(a) = 2*a**2 + 17*a - 4. Let t be v(-9). Let l be h(t). Is (-198)/l + (-24)/(-60) a multiple of 7?
False
Suppose -11 = -z - 0. Suppose 264 = -3*o + z*o. Does 11 divide o?
True
Suppose -r - 24 + 125 = 0. Suppose -87 = -w + r. Is 47 a factor of w?
True
Suppose -4344 + 12564 = 12*a. Is a a multiple of 6?
False
Let j = -31 - -92. Suppose -3*m + m - 4*n = -16, -28 = -3*m - 5*n. Let x = j - m. Is x a multiple of 13?
False
Is 38 a factor of 3044/10 - ((-282)/(-30) - 9)?
True
Let c be (68/85)/(1/(-5)). Let g be (1 + 0)*-2 - -13. Let v = c + g. Is v a multiple of 2?
False
Is 8 a factor of 4/2 - 20880/(-30)?
False
Suppose 2*b - 16 = -2*b. Suppose 0*z - 169 = -b*z + w, -5*z + 195 = 2*w. Suppose 2*f + 2*m = f + z, 5*f - 200 = -5*m. Does 13 divide f?
True
Suppose 3*n + 10*n = 2366. Let p = n - 83. Is p a multiple of 23?
False
Let k(z) = 122*z**3 - 2*z**2 + 14*z - 28. Is 49 a factor of k(2)?
False
Let f be (-12)/42 - (-174)/21. Suppose -l = 2*s - 44, f*l + 2*s = 11*l - 172. Does 5 divide l?
False
Is 5 a factor of 98 + -16 - (-1 + -7)?
True
Let o(a) = 18*a + 3. Let m(h) = h + 1. Suppose 2*v + 24 = -0*v. Let b(t) = v*m(t) + 4*o(t). Is b(1) a multiple of 12?
True
Suppose -3*a = -5*k - 107, -43*k = 3*a - 39*k - 152. Is a a multiple of 2?
True
Let p = -134 + 1078. Is 20 a factor of p?
False
Let i(c) = -c**2 - 4*c - 3. Let w(y) = y**3 - 3*y**2 + 1. Let r be w(2). Let u be i(r). Suppose 4*k = -u*k + 136. Is 15 a factor of k?
False
Let p be (-2)/6 + 14/(-3). Let g(r) = -5*r**2 + 5*r - 1. Let h(z) = 12*z**2 - 10*z + 3. Let f(w) = 9*g(w) + 4*h(w). Is 31 a factor of f(p)?
False
Let m(a) = -3*a**2 - 5*a + 4. Let 